{"id":7,"date":"2018-04-04T12:53:11","date_gmt":"2018-04-04T12:53:11","guid":{"rendered":"http:\/\/fewo-wibmer.de\/?page_id=7"},"modified":"2022-10-29T16:44:30","modified_gmt":"2022-10-29T16:44:30","slug":"mesmerize","status":"publish","type":"page","link":"https:\/\/fewo-wibmer.de\/","title":{"rendered":"Home"},"content":{"rendered":"<div  data-label=\"About\" data-id=\"about-9\" data-export-id=\"about-9\" data-category=\"about\" class=\"about-9 content-section content-section-spacing content-relative\" id=\"about-10\" style=\"background-color: rgb(228, 252, 212); background-image: none;\" data-section-ov=\"1\"> <div  class=\"gridContainer\"> <div  class=\"row middle-sm text-center\"> <div  class=\"col-sm-5 space-bottom-xs content-column content-right-sm\" data-type=\"column\"> <h5  class=\"\"> Ferienwohung Andrea Wibmer<\/h5> <h2  class=\"\">Genie\u00dfen Sie das Altm\u00fchltal und lassen Sie sich verw\u00f6hnen von der <span  style=\"font-family: &quot;Playfair Display&quot;, arial, helvetica, sans-serif; font-style: italic;\">herrlichen Landschaft <\/span>sowie unserer <span  style=\"font-family: &quot;Playfair Display&quot;, arial, helvetica, sans-serif; font-style: italic;\">hervorragenden Gastronomie.<\/span><\/h2>   <a class=\"button color7 white-text\" href=\"https:\/\/tbooking.toubiz.de\/GER00020060271006481\/tbooking?globalReset=1\" target=\"_blank\" data-cp-link=\"1\" data-icon=\"\" rel=\"noopener\">Jetzt buchen<\/a><\/div> <div  class=\"col-sm-7 flexbox flexbox middle-xs center-xs\"> <div  class=\"overlay-box flexbox middle-xs center-xs overlay-holder \"> <div  class=\"overlay-box-offset offset-background shadow-medium bg-color2 hide-xs\"><\/div> <img decoding=\"async\"  class=\"flexbox shadow-large img1\" src=\"https:\/\/fewo-wibmer.de\/wp-content\/uploads\/2018\/04\/cropped-knife-and-fork-salt-and-pepper-dinner-is-ready-picjumbo-com-1.jpg\"> <\/div> <\/div> <\/div> <\/div> <\/div><div  data-label=\"Features\" data-id=\"features-6\" data-export-id=\"features-6\" data-category=\"features\" class=\"feature-6 content-section-spacing content-relative\" id=\"features-7\" style=\"background-color: rgb(228, 252, 212); background-image: none;\"> <div  class=\"gridContainer\"><div  class=\"row text-center\"> <div  class=\"section-title-col\" data-type=\"column\">   <\/div> <\/div> <div  data-type=\"row\" class=\"row space-bottom\"> <div  class=\"col-xs-12 col-sm-4 col-padding-small-xs\"> <div  class=\"row\"> <div  class=\"col-xs-2\" data-preview-empty=\"1\">  <\/div> <div  class=\"col-xs-10 start-ms\" data-preview-empty=\"1\">   <\/div> <\/div> <\/div>   <\/div> <div  class=\"row\"> <div  data-type=\"column\" class=\"col-xs-12 text-center\">  <\/div> <\/div> <\/div> <div  class=\"section-separator-bottom\">\n    <svg  xmlns=\"http:\/\/www.w3.org\/2000\/svg\" viewBox=\"0 0 1000 100\" preserveAspectRatio=\"none\" data-separator-name=\"mountains\" class=\"section-separator-bottom\">\n\t<path  class=\"svg-white-bg\" opacity=\"0.33\" d=\"M473,67.3c-203.9,88.3-263.1-34-320.3,0C66,119.1,0,59.7,0,59.7V0h1000v59.7 c0,0-62.1,26.1-94.9,29.3c-32.8,3.3-62.8-12.3-75.8-22.1C806,49.6,745.3,8.7,694.9,4.7S492.4,59,473,67.3z\"><\/path>\n\t<path  class=\"svg-white-bg\" opacity=\"0.66\" d=\"M734,67.3c-45.5,0-77.2-23.2-129.1-39.1c-28.6-8.7-150.3-10.1-254,39.1 s-91.7-34.4-149.2,0C115.7,118.3,0,39.8,0,39.8V0h1000v36.5c0,0-28.2-18.5-92.1-18.5C810.2,18.1,775.7,67.3,734,67.3z\"><\/path>\n\t<path  class=\"svg-white-bg\" d=\"M766.1,28.9c-200-57.5-266,65.5-395.1,19.5C242,1.8,242,5.4,184.8,20.6C128,35.8,132.3,44.9,89.9,52.5C28.6,63.7,0,0,0,0 h1000c0,0-9.9,40.9-83.6,48.1S829.6,47,766.1,28.9z\"><\/path>\n<\/svg>\n<\/div><\/div>","protected":false},"excerpt":{"rendered":"<p>Ferienwohung Andrea Wibmer Genie\u00dfen Sie das Altm\u00fchltal und lassen Sie sich verw\u00f6hnen von der herrlichen Landschaft sowie unserer hervorragenden Gastronomie. Jetzt buchen<\/p>\n","protected":false},"author":1,"featured_media":0,"parent":0,"menu_order":0,"comment_status":"closed","ping_status":"closed","template":"page-templates\/homepage.php","meta":{"footnotes":""},"class_list":["post-7","page","type-page","status-publish","hentry"],"_links":{"self":[{"href":"https:\/\/fewo-wibmer.de\/index.php?rest_route=\/wp\/v2\/pages\/7"}],"collection":[{"href":"https:\/\/fewo-wibmer.de\/index.php?rest_route=\/wp\/v2\/pages"}],"about":[{"href":"https:\/\/fewo-wibmer.de\/index.php?rest_route=\/wp\/v2\/types\/page"}],"author":[{"embeddable":true,"href":"https:\/\/fewo-wibmer.de\/index.php?rest_route=\/wp\/v2\/users\/1"}],"replies":[{"embeddable":true,"href":"https:\/\/fewo-wibmer.de\/index.php?rest_route=%2Fwp%2Fv2%2Fcomments&post=7"}],"version-history":[{"count":33,"href":"https:\/\/fewo-wibmer.de\/index.php?rest_route=\/wp\/v2\/pages\/7\/revisions"}],"predecessor-version":[{"id":560,"href":"https:\/\/fewo-wibmer.de\/index.php?rest_route=\/wp\/v2\/pages\/7\/revisions\/560"}],"wp:attachment":[{"href":"https:\/\/fewo-wibmer.de\/index.php?rest_route=%2Fwp%2Fv2%2Fmedia&parent=7"}],"curies":[{"name":"wp","href":"https:\/\/api.w.org\/{rel}","templated":true}]}}