{"id":357,"date":"2018-04-10T12:20:40","date_gmt":"2018-04-10T12:20:40","guid":{"rendered":"http:\/\/fewo-wibmer.de\/?page_id=357"},"modified":"2018-08-07T07:51:27","modified_gmt":"2018-08-07T07:51:27","slug":"impressum","status":"publish","type":"page","link":"https:\/\/fewo-wibmer.de\/?page_id=357","title":{"rendered":"Impressum"},"content":{"rendered":"<h2><strong>Impressum<\/strong><\/h2>\n<h3>Angaben gem\u00e4\u00df \u00a7 5 TMG:<\/h3>\n<p>Andrea Wibmer<br \/>\nSandstr. 12<br \/>\n93339 Riedenburg<\/p>\n<h3>Kontakt:<\/h3>\n<p>Telefon: +49 (0) 9442 905237<br \/>\nTelefax: +49 (0) 9442 905638<br \/>\nE-Mail: andrea@wibmer.de<\/p>\n<h3>Haftung f\u00fcr Inhalte<\/h3>\n<p>Als Diensteanbieter sind wir gem\u00e4\u00df \u00a7 7 Abs.1 TMG f\u00fcr eigene Inhalte auf diesen Seiten nach den<br \/>\nallgemeinen Gesetzen verantwortlich. Nach \u00a7\u00a7 8 bis 10 TMG sind wir als Diensteanbieter jedoch nicht<br \/>\nverpflichtet, \u00fcbermittelte oder gespeicherte fremde Informationen zu \u00fcberwachen oder nach Umst\u00e4nden<br \/>\nzu forschen, die auf eine rechtswidrige T\u00e4tigkeit hinweisen.<br \/>\nVerpflichtungen zur Entfernung oder Sperrung der Nutzung von Informationen nach den allgemeinen<br \/>\nGesetzen bleiben hiervon unber\u00fchrt. Eine diesbez\u00fcgliche Haftung ist jedoch erst ab dem Zeitpunkt der<br \/>\nKenntnis einer konkreten Rechtsverletzung m\u00f6glich. Bei Bekanntwerden von entsprechenden<br \/>\nRechtsverletzungen werden wir diese Inhalte umgehend entfernen.<\/p>\n<h3>Haftung f\u00fcr Links<\/h3>\n<p>Unser Angebot enth\u00e4lt Links zu externen Websites Dritter, auf deren Inhalte wir keinen Einfluss haben.<br \/>\nDeshalb k\u00f6nnen wir f\u00fcr diese fremden Inhalte auch keine Gew\u00e4hr \u00fcbernehmen. F\u00fcr die Inhalte der<br \/>\nverlinkten Seiten ist stets der jeweilige Anbieter oder Betreiber der Seiten verantwortlich. Die verlinkten<br \/>\nSeiten wurden zum Zeitpunkt der Verlinkung auf m\u00f6gliche Rechtsverst\u00f6\u00dfe \u00fcberpr\u00fcft. Rechtswidrige<br \/>\nInhalte waren zum Zeitpunkt der Verlinkung nicht erkennbar.<br \/>\nEine permanente inhaltliche Kontrolle der verlinkten Seiten ist jedoch ohne konkrete Anhaltspunkte einer<br \/>\nRechtsverletzung nicht zumutbar. Bei Bekanntwerden von Rechtsverletzungen werden wir derartige Links<br \/>\numgehend entfernen.<\/p>\n<h3>Urheberrecht<\/h3>\n<p>Die durch die Seitenbetreiber erstellten Inhalte und Werke auf diesen Seiten unterliegen dem deutschen<br \/>\nUrheberrecht. Die Vervielf\u00e4ltigung, Bearbeitung, Verbreitung und jede Art der Verwertung au\u00dferhalb der<br \/>\nGrenzen des Urheberrechtes bed\u00fcrfen der schriftlichen Zustimmung des jeweiligen Autors bzw.<br \/>\nErstellers. Downloads und Kopien dieser Seite sind nur f\u00fcr den privaten, nicht kommerziellen Gebrauch<br \/>\ngestattet.<br \/>\nSoweit die Inhalte auf dieser Seite nicht vom Betreiber erstellt wurden, werden die Urheberrechte Dritter<br \/>\nbeachtet. Insbesondere werden Inhalte Dritter als solche gekennzeichnet. Sollten Sie trotzdem auf eine<br \/>\nUrheberrechtsverletzung aufmerksam werden, bitten wir um einen entsprechenden Hinweis. Bei<br \/>\nBekanntwerden von Rechtsverletzungen werden wir derartige Inhalte umgehend entfernen.<\/p>\n<h4>Quellenangaben:<\/h4>\n<p>Bilder und Grafiken:<\/p>\n<p>Informationszentrum NATURPARK ALTM\u00dcHLTAL (BgA)<br \/>\nNotre Dame 1<br \/>\n85072 Eichst\u00e4tt<br \/>\nTel. 08421\/9876-14, Fax 9876-54<\/p>\n<ul>\n<li>Nr. 001 &#8211; Altm\u00fchltal-Radweg<\/li>\n<li>Nr. 002 &#8211; Altm\u00fchltal-Panoramaweg<\/li>\n<li>Nr. 003 &#8211; Bootwandern auf der Altm\u00fchl<\/li>\n<li>Nr. 007 &#8211; Felsformation \u201cZw\u00f6lf Apostel\u201c<\/li>\n<li>Nr. 008 &#8211; Burg Prunn<\/li>\n<li>Nr. 009 &#8211; Donaudurchbruch \u201cWeltenburger Enge\u201c<\/li>\n<li>Nr. 010 &#8211; Kloster Weltenburg<\/li>\n<li>Nr. 011 &#8211; Gungoldinger Wacholderheide<\/li>\n<li>Nr. 012 &#8211; Kulinarischer Genuss<\/li>\n<li>Nr. 015 &#8211; Arnsberger Leite (Altm\u00fchltal-Panoramaweg)<\/li>\n<\/ul>\n<p>&nbsp;<\/p>\n<p>Tourist-Information Riedenburg<br \/>\nMarktplatz 1<br \/>\n93339 Riedenburg<br \/>\nTel. 09442 \/ 9050-00<br \/>\nFax 09442 \/ 9050-02<br \/>\ntouristik@riedenburg.de<br \/>\nwww.riedenburg.de<\/p>\n<p>Imagefilm der Stadt Riedenburg\u00a0\u00a9 Stadt Riedenburg<\/p>\n<ul>\n<li>https:\/\/www.youtube.com\/watch?v=HHnagAJGGVU<\/li>\n<\/ul>\n<p>&nbsp;<\/p>\n<p>Pexels<br \/>\nhttps:\/\/www.pexels.com<\/p>\n<ul>\n<li>Bilder im Header und auf der Startseite<\/li>\n<\/ul>\n<p>Alle Bilder auf Pexels sind unter der Creative Commons Zero (CC0) Lizenz ver\u00f6ffentlicht.<br \/>\nDas hei\u00dft die Bilder d\u00fcrfen kostenlos f\u00fcr alle legalen Zwecke benutzt werden.<\/p>\n<p>&nbsp;<\/p>\n<p>Bilder der Ferienwohung<\/p>\n<p>Andrea Wibmer<br \/>\nSandstr. 12<br \/>\n93339 Riedenburg<\/p>\n<p>Fotos Robert Flach<\/p>\n<p>&nbsp;<\/p>\n<p><strong>Hinweis zur Online-Streitbeilegung gem\u00e4\u00df Art. 14 Abs. 1 ODR-VO: Die Europ\u00e4ische Kommission stellt eine Plattform zur Online-Streitbeilegung (OS) bereit, die Sie unter\u00a0<a href=\"https:\/\/deref-web-02.de\/mail\/client\/dW_99DN2ya0\/dereferrer\/?redirectUrl=https%3A%2F%2Fnews.dtvdata.de%2Fncopen.php%3Fnid%3D2989%26aid%3D69218%26apid%3D1%26url%3Dhttps%3A%2F%2Fec.europa.eu%2Fconsumers%2Fodr%2Fmain%2Findex.cfm%3Fevent%3Dmain.home2.show%26lng%3DDE\" target=\"_blank\" rel=\"noopener\">https:\/\/ec.europa.eu\/consumers\/odr\/<\/a>\u00a0finden.<\/strong><\/p>\n","protected":false},"excerpt":{"rendered":"<p>Impressum Angaben gem\u00e4\u00df \u00a7 5 TMG: Andrea Wibmer Sandstr. 12 93339 Riedenburg Kontakt: Telefon: +49 (0) 9442 905237 Telefax: +49 (0) 9442 905638 E-Mail: andrea@wibmer.de Haftung f\u00fcr Inhalte Als Diensteanbieter sind wir gem\u00e4\u00df \u00a7 7 Abs.1 TMG f\u00fcr eigene Inhalte auf diesen Seiten nach den allgemeinen Gesetzen verantwortlich. Nach \u00a7\u00a7 8 bis 10 TMG sind&hellip; <br \/> <a class=\"read-more\" href=\"https:\/\/fewo-wibmer.de\/?page_id=357\">Weiterlesen<\/a><\/p>\n","protected":false},"author":1,"featured_media":0,"parent":0,"menu_order":0,"comment_status":"closed","ping_status":"closed","template":"","meta":{"footnotes":""},"class_list":["post-357","page","type-page","status-publish","hentry"],"_links":{"self":[{"href":"https:\/\/fewo-wibmer.de\/index.php?rest_route=\/wp\/v2\/pages\/357"}],"collection":[{"href":"https:\/\/fewo-wibmer.de\/index.php?rest_route=\/wp\/v2\/pages"}],"about":[{"href":"https:\/\/fewo-wibmer.de\/index.php?rest_route=\/wp\/v2\/types\/page"}],"author":[{"embeddable":true,"href":"https:\/\/fewo-wibmer.de\/index.php?rest_route=\/wp\/v2\/users\/1"}],"replies":[{"embeddable":true,"href":"https:\/\/fewo-wibmer.de\/index.php?rest_route=%2Fwp%2Fv2%2Fcomments&post=357"}],"version-history":[{"count":4,"href":"https:\/\/fewo-wibmer.de\/index.php?rest_route=\/wp\/v2\/pages\/357\/revisions"}],"predecessor-version":[{"id":503,"href":"https:\/\/fewo-wibmer.de\/index.php?rest_route=\/wp\/v2\/pages\/357\/revisions\/503"}],"wp:attachment":[{"href":"https:\/\/fewo-wibmer.de\/index.php?rest_route=%2Fwp%2Fv2%2Fmedia&parent=357"}],"curies":[{"name":"wp","href":"https:\/\/api.w.org\/{rel}","templated":true}]}}